1807 - -1814. Calculate the remainder when 15 is divided by p.
1
Suppose -q + 3*q = -3*q. Suppose -16*v + 21*v - 25 = q. Suppose 0*u + u = 19. Calculate the remainder when u is divided by v.
4
Suppose -244 = -88*m + 84*m. What is the remainder when m is divided by 13?
9
Calculate the remainder when 1/((-1)/(-44)) - (-47 - -45) is divided by 18.
10
Suppose 9 = 23*t - 22*t - 3*b, t - 16 = -4*b. Calculate the remainder when 82 is divided by t.
10
Let a be 34/(-2) - (8 - 4). What is the remainder when 12 is divided by (-2 - -3)*a*2/(-6)?
5
Suppose 0 = -8*z - z + 171. What is the remainder when z is divided by 12?
7
Suppose k + z = -k + 29, -41 = -3*k - z. Suppose 3*h + 5*o = -105, -4*h - 4*o + 2*o = 140. Let n = h + 68. What is the remainder when n is divided by k?
9
Let x = 9 - 6. Suppose -5*u = 2*m - 35, -3*u - x*m = -7*u + 28. Suppose 2*k = o - 19, -5*o + 2*k + u = -56. What is the remainder when 20 is divided by o?
9
Suppose g + 120 = 6*g. Let v = 166 - -25. Let j = -97 + v. What is the remainder when j is divided by g?
22
Let f(d) = -d**3 - 27*d**2 - 51*d + 2. Calculate the remainder when 943 is divided by f(-25).
25
Let s be 2*6*4 - -3. Let j = s - 32. Let v(n) = -n**3 - 2*n**2 - 4. What is the remainder when j is divided by v(-3)?
4
Suppose 2 = -3*t + 4*m + 9, 0 = 2*t - 3*m - 6. Calculate the remainder when 51 is divided by 4 + -1 + t - -1 - -12.
12
Let u = 332 + -235. Let o = u - 32. Calculate the remainder when 48 is divided by (o/(-10))/((-1)/2).
9
Let b = 691 + -538. Calculate the remainder when b is divided by 67.
19
Let s = -1394 - -1397. Calculate the remainder when 28 is divided by s.
1
Calculate the remainder when 2046 is divided by 6 + ((-650)/(-5))/5.
30
Let t be (1 + (-304)/(-12))/((-1)/3). Let c = -66 - t. Let u = 0 + 8. What is the remainder when c is divided by u?
5
Suppose -68 = 4*q - t, -43 - 5 = 2*q - 4*t. Let x = q - -35. Calculate the remainder when 54 is divided by x.
16
Suppose -5*z - 305 = -105*w + 103*w, -2*w - 2*z = -270. What is the remainder when w is divided by 79?
61
Let q(n) = -3*n**2 - 2*n. Let l be q(-4). Let s = l - -12. Let r = s + 61. What is the remainder when r is divided by 9?
6
Let t(m) = 283*m - 92. What is the remainder when t(3) is divided by 69?
67
Let a = -100 - -102. Suppose -2 + 54 = a*w. Calculate the remainder when w is divided by 14.
12
Suppose 3*l = 2*u + 84, u - 4*l + 82 = -u. Suppose 96 = 27*w - 66. Calculate the remainder when 57 is divided by w/27 + (-665)/u.
12
Let c = -83 + 88. Suppose -5*q = 5*b + c, 0 = 5*q - b + 5*b. Calculate the remainder when 15 is divided by q.
3
Suppose 63 = 3*n + 8*s - 4*s, n - 2*s = 21. Calculate the remainder when n is divided by 8.
5
Let v = 46 + -21. Suppose 9*t - 15*t + 1164 = 0. Let p = t - 181. What is the remainder when v is divided by p?
12
Suppose -z - 138 = -172. Calculate the remainder when 49 is divided by z.
15
Suppose -69*y + 2798 = 935. Calculate the remainder when 395 is divided by y.
17
Suppose 0 = 2*g - 1 - 67. Let y = g + -29. Calculate the remainder when 19 is divided by y.
4
Suppose 15 + 21 = -9*f. What is the remainder when 39 is divided by f + 11 + (-12)/(-3)?
6
Suppose -f = -2*f + 33. Calculate the remainder when 99 is divided by -51*((-28)/f - 2/(-11)).
31
Let v(h) = 4*h - 7. Let p(a) = -8*a + 13. Let b(k) = -6*p(k) - 11*v(k). Let j be 2/7 - 10/(-14). What is the remainder when b(j) is divided by 1?
0
Suppose -4*m - 13 + 41 = 0. Let b = 568 + -527. Calculate the remainder when b is divided by m.
6
Suppose 3*d - 7*d - 5*w - 26 = 0, -5*d - 2*w = 24. What is the remainder when 11 is divided by (-6)/12 - 10/d?
1
Suppose -1658 + 5942 = 28*s. Let l(i) = i**3 + 3*i**2 - 3*i. Calculate the remainder when s is divided by l(2).
13
Let x(i) = -31*i - 939. Calculate the remainder when 50 is divided by x(-31).
6
Suppose 0 = 4*a - 4*k - 2*k - 130, 5*a - 5*k = 150. What is the remainder when a is divided by 7?
4
Suppose 0 = -2*y + 32 + 30. Suppose 1061 = 5*s - 3*k - 18, 2*s - 416 = -4*k. Calculate the remainder when s is divided by y.
28
Let n(l) = 10*l + 3. Suppose 5*j = 9*j - 248. What is the remainder when j is divided by n(1)?
10
Let f(z) = 20*z**2 + 6*z - 10. Let t be f(8). What is the remainder when 2/12 - t/(-12) is divided by 19?
15
Let h be (1 + 1 + 0)*-1. Let r(y) = -2*y**2 - 9*y + 5. Let t(w) = w**2 + 9*w - 4. Let k(s) = h*r(s) - 3*t(s). Calculate the remainder when 4 is divided by k(9).
0
Suppose -3406 = 13*h - 16042. Calculate the remainder when h is divided by 65.
62
Suppose -13*t + 188 + 46 = 0. What is the remainder when 100 is divided by t?
10
Suppose -620 = 44*n - 64*n. What is the remainder when n is divided by (-43)/(-4) + (-2)/(-8)?
9
Let c be (-7)/((-35)/30) - (-12)/3. Suppose c*i - 233 + 63 = 0. Calculate the remainder when i is divided by (-6)/((2/3)/(-1)).
8
Let s be (-27)/(-2)*(5 + -3). Suppose 5*g + 0*q - 3*q = 39, 5*g + q = s. What is the remainder when 2 is divided by g/2 - (2 - 1)?
0
Let l(m) = 43*m - 235. What is the remainder when 34 is divided by l(6)?
11
Let n(z) = z**3 + 25*z**2 + 18*z - 88. Calculate the remainder when n(-24) is divided by 19.
18
Let v(o) = o**3 + o - 18. Let n be v(0). Let z be (-55)/(-3) - (-6)/n. Let l = z + -1. Calculate the remainder when 66 is divided by l.
15
Suppose 2*j + 48 = -4*p, 2*j - 2*p - 80 = 5*j. Calculate the remainder when (7 + 189/j)/((-1)/(-28)) is divided by 2.
1
Let y(s) = -s**2 - 20*s + 160. Calculate the remainder when y(-25) is divided by 1.
0
Suppose 0 = 5*z - 110 + 15. Suppose 0 = -3*y + 3*q + 9, 3*y + 4*q = -2*y + 24. Suppose y*p - 372 = -0*p. What is the remainder when p is divided by z?
17
What is the remainder when 122 is divided by 69 + 14/(126/(-27))?
56
Suppose -4*w = -2*w - 10, 23 = 4*q + 3*w. Suppose 2*m - q*x = 18, m + 6*x = x + 21. What is the remainder when 52 is divided by m?
8
Let i be -2 + (-3)/(12/100). Let g = -3 - i. Suppose 0 = -4*s - 2*t + 42, -2*s + 0*t = -2*t - g. What is the remainder when s is divided by 7?
4
Calculate the remainder when (-6)/4 + 780/40 is divided by 9.
0
Let b be 0/((-3)/(-9)*-3). Suppose b = -5*n - 3*c + 240, -2*n - 3*c + 72 + 15 = 0. Calculate the remainder when n is divided by 20.
11
Suppose 5*a - 4*t = -0*t + 186, a - 5*t - 54 = 0. Suppose v = -3*q + 9, 52*v - 53*v + 16 = -4*q. Calculate the remainder when a is divided by v.
10
Suppose 0*b - 27 = -b. Let i = -45 + b. Calculate the remainder when 51 is divided by i/(-8)*(1 + 7).
15
Let r be (-1 - 0)*1 + 0. What is the remainder when 1 + (-2 - 0) - -15 is divided by 5/r*(-20)/25?
2
Let v(n) = n**3 + 11*n**2 - n - 7. Let x be v(-11). Let c be (x/2 - -13)*1. Suppose c = 3*q - 21. What is the remainder when 22 is divided by q?
10
Let t = -912 + 971. Calculate the remainder when 227 is divided by t.
50
Suppose -2*n = -a - 191, -n + 4*a = -69 - 30. What is the remainder when n is divided by 33?
29
Suppose -s - 1596 = -3*h, -4*h - 2*s = h - 2671. Suppose -h = 10*y - 23*y. What is the remainder when y is divided by 21?
20
Suppose t = j - 1, t - 3*j = 4*t - 3. Suppose t = 6*d - 4*d - 68. What is the remainder when d is divided by 18?
16
Let l = -43 + 3. Let x = -83 - -20. Let m = l - x. What is the remainder when m is divided by 6?
5
Let m = -71 - -87. Suppose 0 = -4*s - 5*w + 174, -52 = -2*s - 4*w + 32. What is the remainder when s is divided by m?
14
Let u = -852 - -989. Calculate the remainder when u is divided by 20.
17
Suppose -2299*x - 1128 = -2311*x. What is the remainder when 291 is divided by x?
9
Let k be (-63)/(-12) + (-9)/(-12). Suppose h - 3*i = 0, k*i - i = -2*h + 11. Calculate the remainder when 19 is divided by (1 - 6)*(-3)/h.
4
Let m be 10/2 + 4/(-1). Suppose -z - m = 4*u + 2, 2*u - 75 = -5*z. What is the remainder when z is divided by 3?
2
Suppose -3*g + 29 = -94. Calculate the remainder when g is divided by 10.
1
Suppose 0 = 83*k - 73*k - 30. Suppose -c - 344 = -3*c. Suppose j = -k*j + c. Calculate the remainder when j is divided by 11.
10
Suppose 0 = -95*c + 99*c - 36. Calculate the remainder when 68 is divided by 25/c + (-14)/(-63).
2
Suppose -2*j + 2*b - 38 = 0, -3*j + 0*j = -5*b + 61. Let f = j - -31. What is the remainder when 5 is divided by (24/21)/(4/f)?
1
Suppose 3*n - 4*g - 19 = 0, g = n - g - 7. Suppose -24 = -4*o + v, 29 - 70 = -3*o - 5*v. What is th